d by 33?
28
Calculate the remainder when 3028207 is divided by 757046.
23
Calculate the remainder when 343830 is divided by 314.
0
What is the remainder when 298308085 is divided by 3140085?
10
What is the remainder when 4603676 is divided by 986?
42
Calculate the remainder when 3693841 is divided by 1534.
1503
Calculate the remainder when 856720 is divided by 1443.
1021
Calculate the remainder when 1990627 is divided by 11375.
2
What is the remainder when 839500 is divided by 265?
245
What is the remainder when 2531002 is divided by 5443?
7
Calculate the remainder when 2246712 is divided by 44921.
662
What is the remainder when 7572076 is divided by 682?
512
Calculate the remainder when 94167860 is divided by 24.
20
Calculate the remainder when 78971 is divided by 879.
740
What is the remainder when 120925 is divided by 1494?
1405
Calculate the remainder when 26276 is divided by 113.
60
What is the remainder when 1622387 is divided by 154?
151
Calculate the remainder when 305541 is divided by 152762.
17
Calculate the remainder when 3752459 is divided by 38.
35
Calculate the remainder when 39033 is divided by 1185.
1113
Calculate the remainder when 1260300 is divided by 1281.
1077
Calculate the remainder when 1749157 is divided by 9.
7
Calculate the remainder when 2329523 is divided by 776486.
65
What is the remainder when 2070864 is divided by 2070802?
62
Calculate the remainder when 433614 is divided by 30933.
552
Calculate the remainder when 6272 is divided by 599.
282
Calculate the remainder when 196385 is divided by 4637.
1631
Calculate the remainder when 2927582 is divided by 202.
198
What is the remainder when 762454 is divided by 190523?
362
Calculate the remainder when 769768 is divided by 5454.
754
What is the remainder when 203440 is divided by 131?
128
What is the remainder when 1508292 is divided by 8669?
8555
What is the remainder when 24574236 is divided by 16?
12
Calculate the remainder when 1034401 is divided by 26.
17
What is the remainder when 82693 is divided by 1303?
604
Calculate the remainder when 4900 is divided by 1640.
1620
What is the remainder when 136328 is divided by 1750?
1578
What is the remainder when 31564257 is divided by 210?
207
Calculate the remainder when 295253 is divided by 690.
623
What is the remainder when 1707203 is divided by 4677?
98
What is the remainder when 209061 is divided by 69288?
1197
Calculate the remainder when 413568 is divided by 7384.
64
Calculate the remainder when 608906 is divided by 821.
545
Calculate the remainder when 24583563 is divided by 1373.
1371
Calculate the remainder when 2071515 is divided by 23.
20
Calculate the remainder when 4815599 is divided by 50.
49
What is the remainder when 10144006 is divided by 39?
28
Calculate the remainder when 43804434 is divided by 3658.
3542
What is the remainder when 121469 is divided by 13225?
2444
Calculate the remainder when 944218 is divided by 67429.
212
Calculate the remainder when 2537 is divided by 55.
7
What is the remainder when 1473 is divided by 610?
253
Calculate the remainder when 25405 is divided by 12606.
193
Calculate the remainder when 9665 is divided by 1651.
1410
Calculate the remainder when 166683 is divided by 5391.
4953
What is the remainder when 3972954 is divided by 499?
415
What is the remainder when 41574307 is divided by 37?
34
Calculate the remainder when 2050869 is divided by 21.
9
What is the remainder when 56015323 is divided by 28007659?
5
What is the remainder when 26934865 is divided by 3049?
3048
What is the remainder when 985128 is divided by 11322?
114
What is the remainder when 8061617 is divided by 647?
644
Calculate the remainder when 23240295 is divided by 9390.
45
Calculate the remainder when 137260 is divided by 1461.
1387
What is the remainder when 658054 is divided by 131596?
74
What is the remainder when 470212 is divided by 7137?
6307
Calculate the remainder when 482740 is divided by 376.
332
Calculate the remainder when 9427297 is divided by 201.
196
What is the remainder when 4094492 is divided by 102362?
12
What is the remainder when 33027432 is divided by 707?
634
What is the remainder when 102749 is divided by 5397?
206
What is the remainder when 248421 is divided by 2053?
8
What is the remainder when 6589428 is divided by 2196471?
15
Calculate the remainder when 19329267 is divided by 180647.
38
Calculate the remainder when 2112218 is divided by 9105.
8963
What is the remainder when 114978 is divided by 2873?
58
Calculate the remainder when 21203871 is divided by 261776.
15
What is the remainder when 265913 is divided by 234?
89
What is the remainder when 352493 is divided by 26?
11
What is the remainder when 70559 is divided by 34054?
2451
Calculate the remainder when 678404 is divided by 3014.
254
What is the remainder when 35887 is divided by 2527?
509
Calculate the remainder when 927602 is divided by 927598.
4
Calculate the remainder when 43842 is divided by 21133.
1576
Calculate the remainder when 10615073 is divided by 64.
33
Calculate the remainder when 13251960 is divided by 21.
15
Calculate the remainder when 61949 is divided by 15261.
905
Calculate the remainder when 1646267 is divided by 1463.
392
What is the remainder when 38366557 is divided by 4867?
4863
Calculate the remainder when 407358 is divided by 8299.
707
Calculate the remainder when 63191250 is divided by 5919.
6
What is the remainder when 2856253 is divided by 73237?
10
Calculate the remainder when 655991 is divided by 54665.
11
What is the remainder when 597618 is divided by 837?
0
Calculate the remainder when 300956 is divided by 33408.
284
Calculate the remainder when 27361527 is divided by 1674.
1671
What is the remainder when 2596049 is divided by 324?
161
Calculate the remainder when 947671 is divided by 337.
27
What is the remainder when 256868369 is divided by 12?
5
Calculate the remainder when 13224554 is divided by 1102046.
2
Calculate the remainder when 192064 is divided by 47731.
1140
What is the remainder when 15444 is divided by 7662?
120
Calculate the remainder when 1390232 is divided by 1096.
504
Calculate the remainder when 296608 is divided by 169.
13
Calculate the remainder when 49124372 is divided by 227.
210
Calculate the remainder when 320258728 is divided by 221326.
6
What is the remainder when 45733433 is divided by 1039396?
9
Calculate the remainder when 56206 is divided by 3649.
1471
What is the remainder when 39133678 is divided by 5222?
10
What is the remainder when 18276290 is divided by 59?
37
What is the remainder when 28646508 is divided by 17?
12
Calculate the remainder when 2491482 is divided by 498291.
27
Calculate the remainder when 474175567 is divided by 55.
52
Calculate the remainder when 240174 is divided by 2385.
1674
What is the remainder when 659073 is divided by 120?
33
Calculate the remainder when 462249 is divided by 559.
515
What is the remainder when 16271347 is divided by 15?
7
What is the remainder when 30878042 is divided by 1740?
2
What is the remainder when 81139890 is divided by 14?
6
Calculate the remainder when 2286084 is divided by 7144.
4
What is the remainder when 9034759 is divided by 25?
9
What is the remainder when 355938 is divided by 88981?
14
Calculate the remainder when 3582204 is divided by 215.
89
Calculate the remainder when 7625 is divided by 2529.
38
Calculate the remainder when 26570545 is divided by 10192.
1
What is the remainder when 1256853 is divided by 628384?
85
What is the remainder when 10738234 is divided by 28?
10
Calculate the remainder when 13963232 is divided by 4654382.
86
What is the remainder when 18957 is divided by 1014?
705
What is the remainder when 3232983 is divided by 230927?
5
Calculate the remainder when 3597022 is divided by 1731.
4
What is the remainder when 2849630 is divided by 6476?
190
What is the remainder when 88732 is divided by 2275?
7
Calculate the remainder when 61915490 is divided by 136.
130
What is the remainder when 226088 is divided by 1057?
947
What is the remainder when 9652753 is divided by 365?
328
What is the remainder when 132109 is divided by 4697?
593
What is the remainder when 9874035 is divided by 103937?
20
What is the remainder when 129350891 is divided by 649?
648
Calculate the re